 - 3*n**2 + 0*n**3 + n**3. Suppose 4*w + 21 = 1. Let p(z) = 7*z**3 + 5*z**2 + 3*z - 3. Let m(c) = w*v(c) - 2*p(c). Determine m(-5).
6
Let a(f) = -8. Let x(r) = r + 9. Let q(l) = -3*a(l) - 2*x(l). Determine q(7).
-8
Suppose -1 = l + 1. Let o(t) = -2*t**3 + 0*t**2 - 3 + 2*t**2 + 4*t**3 + 0*t**2 - 3*t. Determine o(l).
-5
Let v(j) = 5*j. Suppose 0 = q - 5*q + 4. Calculate v(q).
5
Let k(x) be the second derivative of -1/6*x**4 + 3/4*x**5 - 5*x + 0 + 0*x**2 + 1/6*x**3. Give k(1).
14
Suppose -5*a = 2*k + k - 22, -5*k = 5. Let z(h) = h**3 - 5*h**2 - 7. Determine z(a).
-7
Let g = -26 + 29. Let k(c) = -5*c**3 + 1 + 4*c**3 + 5*c**2 - 2*c**2. Determine k(g).
1
Let q(i) be the first derivative of 2/3*i**3 - 1/2*i**2 - 2 - 1/4*i**4 + 0*i. Let z be q(1). Let r(s) = -s**2 + s + 9. Calculate r(z).
9
Suppose 6 = l - 4. Suppose 4*x = -4*o + 32, l*o - 34 = -3*x + 5*o. Let p(a) = -5*a**3 + 2*a + 2 - 1 - 4*a**x - 3*a**3. What is p(-1)?
11
Let s(z) = 5*z**2 - 3*z + 12. Let k(i) = -4*i**2 + 2*i - 11. Suppose 0 = 2*w - 0*w - 36. Suppose 0 = 3*h - 0*h + w. Let n(v) = h*k(v) - 5*s(v). What is n(5)?
-4
Let f(b) = -2*b + 4. Let x(k) = k - 5. Let r(i) = 4*f(i) + 3*x(i). Let l(q) = 5*q + 3 + 2*q - q - 5*q. Let n be l(-5). What is r(n)?
11
Let n(g) = g + 14. Let u be n(-10). Let r be (-2)/(-3)*(-12)/u. Let k(x) be the first derivative of 3*x**2/2 + 1. Determine k(r).
-6
Let a(u) = 2*u + 1. Let m = -6 - -8. What is a(m)?
5
Let a(t) = -2*t - 31. Let q be a(-13). Let x(s) = -s**2 - 5*s + 1. Calculate x(q).
1
Let g(a) = -a**2 + 7*a - 2. Let d(c) = c**2 - c + 1. Let p(l) = -2*d(l) - g(l). What is p(-3)?
6
Suppose 1 = -a - 1. Let u(d) be the second derivative of d**5/60 - d**4/6 - d**3/2 - d**2/2 + d. Let b(s) be the first derivative of u(s). Give b(a).
9
Let n(o) = 2*o + 7. Let z(y) = -y**2 + 4*y. Suppose -4*i = 9 - 25. Let k be z(i). Suppose -w = -6*w + 4*f - 37, 2*w - f + 13 = k. Calculate n(w).
-3
Let x(j) be the first derivative of -j**2/2 + 2*j - 30. What is x(9)?
-7
Let p(i) = i**3 - i**2 - 2*i - 1. Suppose -7 = 2*b - 13. Calculate p(b).
11
Let m(o) be the third derivative of o**5/60 - o**4/6 - 5*o**3/6 + 58*o**2. Give m(5).
0
Suppose -2*h + 10 = -5*n, -5*h = -3*n - 7 + 1. Let j(a) be the second derivative of -a**3/3 + a**2/2 + a. Determine j(n).
5
Let s(g) = 0*g**2 - 2 + g**3 - 5*g**2 + 3 + 3*g. Let n be 4 + 0/1 + 0. What is s(n)?
-3
Let x(z) = z**3 - 5*z**2 + z - 6. Let y = 103 - 98. Determine x(y).
-1
Let u(m) = 5*m**2 - 2*m + 3. Let w be u(2). Suppose k - w = -1. Suppose x - 3 = -2*g, k = g + 2*x - 7*x. Let a(h) = -3*h + 2. Calculate a(g).
-7
Let w(h) = 1 + 4*h**2 + 5 + 10*h - 2*h. Let g = 13 + -8. Let a(q) = -7*q**2 - 15*q - 12. Let c(v) = g*w(v) + 3*a(v). What is c(-5)?
-6
Let b(z) = z**2 + 7*z + 9. Let m be b(-6). Let v(t) = 2*t + 1. Let p(i) = -2*i - 1. Let s(w) = -4*p(w) - 5*v(w). Determine s(m).
-7
Let f(j) be the second derivative of j**6/360 + j**5/60 - j**4/12 - j**3/3 + j. Let b(g) be the second derivative of f(g). What is b(-4)?
6
Let y(x) = -x**2 + 6*x**2 - 4*x**2 - 6 - 4*x. Let w(j) = 5*j**3 + 3*j - 2. Let b be w(1). What is y(b)?
6
Let g(k) = k - 5. Let n be g(3). Let q be 18/n*1/(-3). Let j(r) be the first derivative of r**2/2 - 3*r + 1. Give j(q).
0
Let o(s) be the second derivative of s**7/2520 - s**6/144 + s**5/30 + s**4/6 + 4*s. Let z(v) be the third derivative of o(v). What is z(3)?
-2
Let j(m) = 12*m - 1. Let g(t) = -t - 2. Let s be g(2). Let b(o) = o + 5. Let x be b(s). Calculate j(x).
11
Let g(i) = i - 1. Let v(z) = 10*z - 5. Let s(p) = -6*g(p) + v(p). What is s(-2)?
-7
Let g(b) = -3*b**3 - 4*b + 1. Let p(q) = 2 + 5*q**3 - 5 + 1 + 8*q + q**2. Let n(t) = 7*g(t) + 4*p(t). Suppose -3*d + 9 = -0*d, 0 = 2*o - 2*d - 4. Give n(o).
-6
Let r(b) = -3*b**2 - 7*b**2 + 9*b**2 - 4*b. Let t(f) = 2*f**2 + 8*f - 1. Let z(g) = -13*r(g) - 6*t(g). Calculate z(-4).
6
Let p(w) = -w**3 + 4*w**2 + 2*w - 5. Let y be (-5)/2*12/(-15). Suppose 6 = j + y. Give p(j).
3
Let w be (-2 - 1)/(15/10). Suppose -5*r = 2*x + 7, 5*x - 2*x = 4*r + 1. Let n be (w + r)*2/3. Let c(v) = v + 3. What is c(n)?
1
Let w(m) = -m - 4. Let f(i) = 3*i + 9. Let o(h) = -h. Let l(n) = -5*n - 4. Let d(c) = -l(c) + 4*o(c). Let j(t) = 5*d(t) - 2*f(t). Let k be j(5). Calculate w(k).
-1
Let w(p) = p**3 + 7*p**2 + 7*p + 1. Let y(j) = -j**3 + j - 6. Let i = 2 - 2. Let m be y(i). Determine w(m).
-5
Let h(d) = -d + 2. Let s be -2 - (-3 - (14 + 3)). Suppose -m - s = 2*m. Determine h(m).
8
Suppose -5*w - 17 = -12. Let m(g) = 3*g**2 + 1. What is m(w)?
4
Let s(p) be the first derivative of p**3/3 + 2*p + 2. Suppose -4*c - 10 = -54. Let u(g) = -3*g**2 - g - 6. Let h(j) = c*s(j) + 4*u(j). Calculate h(-4).
-2
Let y(c) = -4*c + 10*c - 4 + 7 - 5*c. Let k(s) = s + 3. Let i(x) = -4*k(x) + 3*y(x). Determine i(-5).
2
Let m(x) = 2*x. Let p(y) be the first derivative of y**4/4 + 5*y**3/3 + y**2 - 5*y + 2. Let h be p(-4). Suppose 20 = 4*w, j - 2*w + h = -3. Calculate m(j).
8
Let j = -8 + 15. Let d(p) = p**2 - 5*p - 7. Calculate d(j).
7
Let w(j) = -j**3 + 4*j**2 - j - 4. Suppose 2*y - 9 = -y. Let l be y/(-6)*-4*2. Determine w(l).
-8
Suppose s + 2 = 3*i + 1, 3*s - 3*i = 3. Let r(x) = -3*x**3 - 2*x**2 + 2*x - 2. Let a(p) = -p**3 - p**2. Let z(k) = -2*a(k) + r(k). Give z(s).
-6
Let f(s) = s**2 + 5*s + 9. Let a(n) = n**2 - 8*n - 26. Let q be a(10). Determine f(q).
15
Let h(u) = -3*u**2 - 10. Let j(k) = 4*k**2 - k + 11. Let w(s) = 5*h(s) + 4*j(s). Let y(c) = 2*c**2 + 3*c - 3. Let p be y(-3). What is w(p)?
6
Suppose -55 = -14*v + 3*v. Let b(h) = 1 - 4*h + 0 + 3*h. Let i(z) = -2*z + 3. Let o(a) = 7*b(a) - 4*i(a). Determine o(v).
0
Let d be 3 + 1/((-4)/28). Let h(t) = 5*t**2 + 8*t. Suppose k = -2*k + 27. Let f(m) = 11*m**2 + 17*m. Let l(u) = d*f(u) + k*h(u). What is l(-5)?
5
Let w(y) = y**2 - 4*y - 6. Suppose 4*h + h - 25 = 0. What is w(h)?
-1
Let j(g) = g**3 + 3*g**2 + 4*g + 3. Let v = 7 - 16. Let h = v + 7. Give j(h).
-1
Let t(o) = -o + 1. Let d(l) = 4*l - 2. Let s(z) = d(z) + 5*t(z). Give s(7).
-4
Let v(w) = -2*w - 3. Let k(m) = 6*m - 4. Let y be k(-3). Let s be 4/6 - y/(-6). Give v(s).
3
Let y(q) be the first derivative of q**5/60 - q**4/12 + q**2 + 3. Let z(a) be the second derivative of y(a). Determine z(-2).
8
Let r = -9 + 12. Let i(q) = -7*q**2 + 12*q**2 - r - 3*q**3 + 2*q**3. Let x = 13 + -8. Give i(x).
-3
Let p(u) = -11*u**3 + 11*u - 8*u**2 - 10*u + 9*u**2. Determine p(-1).
11
Let q(i) = -2*i**2 + 7*i - 7. Let n be q(5). Let d = 28 + n. Let h(c) = c - 9. Calculate h(d).
-3
Let z(m) = 2*m + 2. Let o(j) = -j + 3. Let v(p) = 1. Let k(x) = -o(x) + 3*v(x). Let g(y) = 5*k(y) - z(y). Suppose 0*t - t - 2 = 0. What is g(t)?
-8
Suppose 0 = 4*t + t - 10. Let r(h) = -1 + 3*h + 0*h - t*h. Calculate r(2).
1
Let j = -55 + 56. Let o(l) = 10*l**3 - l**2 + 1. Determine o(j).
10
Let s(p) = -3*p - 6. Let z(q) = -4*q - 6. Let n(x) = 5*s(x) - 4*z(x). Give n(0).
-6
Suppose 0*v = v - 26. Let j(i) = 0*i - v + 3*i + 21 - 2*i. Give j(5).
0
Let a(o) be the third derivative of o**7/2520 + o**6/720 - o**5/60 - o**4/24 + 2*o**2. Let u(y) be the second derivative of a(y). Give u(0).
-2
Let s(r) = -r**2 - r - 1. Suppose 2*v - 7*v = 0. Determine s(v).
-1
Suppose 3*s - 7 - 2 = 0. Let x = s - 1. Let o(k) = -2 + 2 - k - k - x. Calculate o(2).
-6
Let n(c) = -c**3 - 5*c**2 - 5*c - 4. Let l be n(-4). Let q(a) be the first derivative of -a**3/3 - a**2/2 - 5*a - 2. Give q(l).
-5
Let i(b) = -b + 1. Let m be i(-5). Let k(l) = l**3 - 5*l**2 - 6*l + 2. Calculate k(m).
2
Let p(h) = -10*h - 3*h**2 - h**2 - h**2 - 12. Let c(s) = -14*s**2 - 29*s - 35. Let f(i) = -6*c(i) + 17*p(i). What is f(5)?
1
Let h(p) = -p**3 + p + 2. Let s(v) = -1 - 2*v + 0*v + 5*v - 2*v. Let w be s(5). Let t be 8/(-20) + w/10. Determine h(t).
2
Let z(y) = -y - 7. Let q(o) be the first derivative of 3*o + 5/2*o**2 + 1/3*o**3 + 2. Let g be q(-3). Give z(g).
-4
Let y(w) = -3*w**2 + 64*w - 66*w + 2*w**2. What is y(-1)?
1
Let y = -5 - -2. Let r be 2 + -4 - -3 - y. Let n(j) be the third derivative of j**6/120 - j**5/20 - j**4/12 - j**3/6 - j**2. What is n(r)?
7
Let c(d) be the first derivative of 3*d**4 + d**3/3 + 31. Let i = 0 - 1. Determine c(i).
-11
Let i be 1 + (-1)/3*-3. Let j be 4/(-5)*(-5)/i. Let v(l) = -3*l**j + 3 + 2*l**2 - 3*l + 0. Give v(-4).
-1
Let j(f) = f - 2 - f**2 - 6 + 3. Suppose 0 = 2*b